{"version":"1.0","provider_name":"International Solidarity Movement - ISM-France","provider_url":"https:\/\/ismfrance.org","author_name":"mru_01","author_url":"https:\/\/ismfrance.org\/index.php\/author\/admin02\/","title":"Gaza et Cuba, ou la pr\u00e9histoire de l\u2019humanit\u00e9 - International Solidarity Movement - ISM-France","type":"rich","width":600,"height":338,"html":"<blockquote class=\"wp-embedded-content\" data-secret=\"Bkxv7iP0D3\"><a href=\"https:\/\/ismfrance.org\/index.php\/2026\/08\/31\/gaza-et-cuba-ou-la-prehistoire-de-lhumanite\/\">Gaza et Cuba, ou la pr\u00e9histoire de l\u2019humanit\u00e9<\/a><\/blockquote><iframe sandbox=\"allow-scripts\" security=\"restricted\" src=\"https:\/\/ismfrance.org\/index.php\/2026\/08\/31\/gaza-et-cuba-ou-la-prehistoire-de-lhumanite\/embed\/#?secret=Bkxv7iP0D3\" width=\"600\" height=\"338\" title=\"\u00ab\u00a0Gaza et Cuba, ou la pr\u00e9histoire de l\u2019humanit\u00e9\u00a0\u00bb &#8212; International Solidarity Movement - ISM-France\" data-secret=\"Bkxv7iP0D3\" frameborder=\"0\" marginwidth=\"0\" marginheight=\"0\" scrolling=\"no\" class=\"wp-embedded-content\"><\/iframe><script>\n\/*! This file is auto-generated *\/\n!function(d,l){\"use strict\";l.querySelector&&d.addEventListener&&\"undefined\"!=typeof URL&&(d.wp=d.wp||{},d.wp.receiveEmbedMessage||(d.wp.receiveEmbedMessage=function(e){var t=e.data;if((t||t.secret||t.message||t.value)&&!\/[^a-zA-Z0-9]\/.test(t.secret)){for(var s,r,n,a=l.querySelectorAll('iframe[data-secret=\"'+t.secret+'\"]'),o=l.querySelectorAll('blockquote[data-secret=\"'+t.secret+'\"]'),c=new RegExp(\"^https?:$\",\"i\"),i=0;i<o.length;i++)o[i].style.display=\"none\";for(i=0;i<a.length;i++)s=a[i],e.source===s.contentWindow&&(s.removeAttribute(\"style\"),\"height\"===t.message?(1e3<(r=parseInt(t.value,10))?r=1e3:~~r<200&&(r=200),s.height=r):\"link\"===t.message&&(r=new URL(s.getAttribute(\"src\")),n=new URL(t.value),c.test(n.protocol))&&n.host===r.host&&l.activeElement===s&&(d.top.location.href=t.value))}},d.addEventListener(\"message\",d.wp.receiveEmbedMessage,!1),l.addEventListener(\"DOMContentLoaded\",function(){for(var e,t,s=l.querySelectorAll(\"iframe.wp-embedded-content\"),r=0;r<s.length;r++)(t=(e=s[r]).getAttribute(\"data-secret\"))||(t=Math.random().toString(36).substring(2,12),e.src+=\"#?secret=\"+t,e.setAttribute(\"data-secret\",t)),e.contentWindow.postMessage({message:\"ready\",secret:t},\"*\")},!1)))}(window,document);\n\/\/# sourceURL=https:\/\/ismfrance.org\/wp-includes\/js\/wp-embed.min.js\n<\/script>\n","thumbnail_url":"https:\/\/ismfrance.org\/wp-content\/uploads\/2026\/08\/cuba-gaza.webp","thumbnail_width":1000,"thumbnail_height":787,"description":"Pedro Monz\u00f3n Barata, 24 ao\u00fbt 2026. \u2013 La solidarit\u00e9 de Cuba envers la Palestine, qui perdure depuis des d\u00e9cennies, refl\u00e8te une histoire commune de r\u00e9sistance \u00e0 l\u2019imp\u00e9rialisme, \u00e0 la d\u00e9possession Lire la suite &rarr;"}

Gaza et Cuba, ou la préhistoire de l’humanité - International Solidarity Movement - ISM-France

<blockquote class="wp-embedded-content" data-secret="Bkxv7iP0D3"><a href="https://ismfrance.org/index.php/2026/08/31/gaza-et-cuba-ou-la-prehistoire-de-lhumanite/">Gaza et Cuba, ou la préhistoire de l’humanité</a></blockquote><iframe sandbox="allow-scripts" security="restricted" src="https://ismfrance.org/index.php/2026/08/31/gaza-et-cuba-ou-la-prehistoire-de-lhumanite/embed/#?secret=Bkxv7iP0D3" width="600" height="338" title="« Gaza et Cuba, ou la préhistoire de l’humanité » &#8212; International Solidarity Movement - ISM-France" data-secret="Bkxv7iP0D3" frameborder="0" marginwidth="0" marginheight="0" scrolling="no" class="wp-embedded-content"></iframe><script>
/*! This file is auto-generated */
!function(d,l){"use strict";l.querySelector&&d.addEventListener&&"undefined"!=typeof URL&&(d.wp=d.wp||{},d.wp.receiveEmbedMessage||(d.wp.receiveEmbedMessage=function(e){var t=e.data;if((t||t.secret||t.message||t.value)&&!/[^a-zA-Z0-9]/.test(t.secret)){for(var s,r,n,a=l.querySelectorAll('iframe[data-secret="'+t.secret+'"]'),o=l.querySelectorAll('blockquote[data-secret="'+t.secret+'"]'),c=new RegExp("^https?:$","i"),i=0;i<o.length;i++)o[i].style.display="none";for(i=0;i<a.length;i++)s=a[i],e.source===s.contentWindow&&(s.removeAttribute("style"),"height"===t.message?(1e3<(r=parseInt(t.value,10))?r=1e3:~~r<200&&(r=200),s.height=r):"link"===t.message&&(r=new URL(s.getAttribute("src")),n=new URL(t.value),c.test(n.protocol))&&n.host===r.host&&l.activeElement===s&&(d.top.location.href=t.value))}},d.addEventListener("message",d.wp.receiveEmbedMessage,!1),l.addEventListener("DOMContentLoaded",function(){for(var e,t,s=l.querySelectorAll("iframe.wp-embedded-content"),r=0;r<s.length;r++)(t=(e=s[r]).getAttribute("data-secret"))||(t=Math.random().toString(36).substring(2,12),e.src+="#?secret="+t,e.setAttribute("data-secret",t)),e.contentWindow.postMessage({message:"ready",secret:t},"*")},!1)))}(window,document);
//# sourceURL=https://ismfrance.org/wp-includes/js/wp-embed.min.js
</script>

Pedro Monzón Barata, 24 août 2026. – La solidarité de Cuba envers la Palestine, qui perdure depuis des décennies, reflète une histoire commune de résistance à l’impérialisme, à la dépossession Lire la suite &rarr;
