{"version":"1.0","provider_name":"International Solidarity Movement - ISM-France","provider_url":"https:\/\/ismfrance.org","author_name":"mru_01","author_url":"https:\/\/ismfrance.org\/index.php\/author\/admin02\/","title":"R\u00e9pression de la Marche mondiale vers Gaza en \u00c9gypte - International Solidarity Movement - ISM-France","type":"rich","width":600,"height":338,"html":"<blockquote class=\"wp-embedded-content\" data-secret=\"NZS3g9MkWa\"><a href=\"https:\/\/ismfrance.org\/index.php\/2025\/06\/15\/21271\/\">R\u00e9pression de la Marche mondiale vers Gaza en \u00c9gypte<\/a><\/blockquote><iframe sandbox=\"allow-scripts\" security=\"restricted\" src=\"https:\/\/ismfrance.org\/index.php\/2025\/06\/15\/21271\/embed\/#?secret=NZS3g9MkWa\" width=\"600\" height=\"338\" title=\"\u00ab\u00a0R\u00e9pression de la Marche mondiale vers Gaza en \u00c9gypte\u00a0\u00bb &#8212; International Solidarity Movement - ISM-France\" data-secret=\"NZS3g9MkWa\" frameborder=\"0\" marginwidth=\"0\" marginheight=\"0\" scrolling=\"no\" class=\"wp-embedded-content\"><\/iframe><script type=\"text\/javascript\">\n\/* <![CDATA[ *\/\n\/*! This file is auto-generated *\/\n!function(d,l){\"use strict\";l.querySelector&&d.addEventListener&&\"undefined\"!=typeof URL&&(d.wp=d.wp||{},d.wp.receiveEmbedMessage||(d.wp.receiveEmbedMessage=function(e){var t=e.data;if((t||t.secret||t.message||t.value)&&!\/[^a-zA-Z0-9]\/.test(t.secret)){for(var s,r,n,a=l.querySelectorAll('iframe[data-secret=\"'+t.secret+'\"]'),o=l.querySelectorAll('blockquote[data-secret=\"'+t.secret+'\"]'),c=new RegExp(\"^https?:$\",\"i\"),i=0;i<o.length;i++)o[i].style.display=\"none\";for(i=0;i<a.length;i++)s=a[i],e.source===s.contentWindow&&(s.removeAttribute(\"style\"),\"height\"===t.message?(1e3<(r=parseInt(t.value,10))?r=1e3:~~r<200&&(r=200),s.height=r):\"link\"===t.message&&(r=new URL(s.getAttribute(\"src\")),n=new URL(t.value),c.test(n.protocol))&&n.host===r.host&&l.activeElement===s&&(d.top.location.href=t.value))}},d.addEventListener(\"message\",d.wp.receiveEmbedMessage,!1),l.addEventListener(\"DOMContentLoaded\",function(){for(var e,t,s=l.querySelectorAll(\"iframe.wp-embedded-content\"),r=0;r<s.length;r++)(t=(e=s[r]).getAttribute(\"data-secret\"))||(t=Math.random().toString(36).substring(2,12),e.src+=\"#?secret=\"+t,e.setAttribute(\"data-secret\",t)),e.contentWindow.postMessage({message:\"ready\",secret:t},\"*\")},!1)))}(window,document);\n\/\/# sourceURL=https:\/\/ismfrance.org\/wp-includes\/js\/wp-embed.min.js\n\/* ]]> *\/\n<\/script>\n","thumbnail_url":"https:\/\/ismfrance.org\/wp-content\/uploads\/2025\/06\/MANDELA-JUNIOR.png","thumbnail_width":861,"thumbnail_height":646,"description":"Ahmed Dahaby, Le Caire, \u00c9gypte, 14 juin 2025. Vendredi, quelque 200 participants \u00e0 la Marche mondiale vers Gaza ont \u00e9t\u00e9 arr\u00eat\u00e9s \u00e0 un poste de contr\u00f4le de s\u00e9curit\u00e9 pr\u00e8s du Lire la suite &rarr;"}

Répression de la Marche mondiale vers Gaza en Égypte - International Solidarity Movement - ISM-France

<blockquote class="wp-embedded-content" data-secret="NZS3g9MkWa"><a href="https://ismfrance.org/index.php/2025/06/15/21271/">Répression de la Marche mondiale vers Gaza en Égypte</a></blockquote><iframe sandbox="allow-scripts" security="restricted" src="https://ismfrance.org/index.php/2025/06/15/21271/embed/#?secret=NZS3g9MkWa" width="600" height="338" title="« Répression de la Marche mondiale vers Gaza en Égypte » &#8212; International Solidarity Movement - ISM-France" data-secret="NZS3g9MkWa" frameborder="0" marginwidth="0" marginheight="0" scrolling="no" class="wp-embedded-content"></iframe><script type="text/javascript">
/* <![CDATA[ */
/*! This file is auto-generated */
!function(d,l){"use strict";l.querySelector&&d.addEventListener&&"undefined"!=typeof URL&&(d.wp=d.wp||{},d.wp.receiveEmbedMessage||(d.wp.receiveEmbedMessage=function(e){var t=e.data;if((t||t.secret||t.message||t.value)&&!/[^a-zA-Z0-9]/.test(t.secret)){for(var s,r,n,a=l.querySelectorAll('iframe[data-secret="'+t.secret+'"]'),o=l.querySelectorAll('blockquote[data-secret="'+t.secret+'"]'),c=new RegExp("^https?:$","i"),i=0;i<o.length;i++)o[i].style.display="none";for(i=0;i<a.length;i++)s=a[i],e.source===s.contentWindow&&(s.removeAttribute("style"),"height"===t.message?(1e3<(r=parseInt(t.value,10))?r=1e3:~~r<200&&(r=200),s.height=r):"link"===t.message&&(r=new URL(s.getAttribute("src")),n=new URL(t.value),c.test(n.protocol))&&n.host===r.host&&l.activeElement===s&&(d.top.location.href=t.value))}},d.addEventListener("message",d.wp.receiveEmbedMessage,!1),l.addEventListener("DOMContentLoaded",function(){for(var e,t,s=l.querySelectorAll("iframe.wp-embedded-content"),r=0;r<s.length;r++)(t=(e=s[r]).getAttribute("data-secret"))||(t=Math.random().toString(36).substring(2,12),e.src+="#?secret="+t,e.setAttribute("data-secret",t)),e.contentWindow.postMessage({message:"ready",secret:t},"*")},!1)))}(window,document);
//# sourceURL=https://ismfrance.org/wp-includes/js/wp-embed.min.js
/* ]]> */
</script>

Ahmed Dahaby, Le Caire, Égypte, 14 juin 2025. Vendredi, quelque 200 participants à la Marche mondiale vers Gaza ont été arrêtés à un poste de contrôle de sécurité près du Lire la suite &rarr;
