{"version":"1.0","provider_name":"International Solidarity Movement - ISM-France","provider_url":"https:\/\/ismfrance.org","author_name":"mru_01","author_url":"https:\/\/ismfrance.org\/index.php\/author\/admin02\/","title":"Hommage \u00e0 notre camarade Suzanne - International Solidarity Movement - ISM-France","type":"rich","width":600,"height":338,"html":"<blockquote class=\"wp-embedded-content\" data-secret=\"GzgBUciyf8\"><a href=\"https:\/\/ismfrance.org\/index.php\/2024\/10\/18\/hommage-a-notre-camarade-suzanne\/\">Hommage \u00e0 notre camarade Suzanne<\/a><\/blockquote><iframe sandbox=\"allow-scripts\" security=\"restricted\" src=\"https:\/\/ismfrance.org\/index.php\/2024\/10\/18\/hommage-a-notre-camarade-suzanne\/embed\/#?secret=GzgBUciyf8\" width=\"600\" height=\"338\" title=\"\u00ab\u00a0Hommage \u00e0 notre camarade Suzanne\u00a0\u00bb &#8212; International Solidarity Movement - ISM-France\" data-secret=\"GzgBUciyf8\" frameborder=\"0\" marginwidth=\"0\" marginheight=\"0\" scrolling=\"no\" class=\"wp-embedded-content\"><\/iframe><script type=\"text\/javascript\">\n\/* <![CDATA[ *\/\n\/*! This file is auto-generated *\/\n!function(d,l){\"use strict\";l.querySelector&&d.addEventListener&&\"undefined\"!=typeof URL&&(d.wp=d.wp||{},d.wp.receiveEmbedMessage||(d.wp.receiveEmbedMessage=function(e){var t=e.data;if((t||t.secret||t.message||t.value)&&!\/[^a-zA-Z0-9]\/.test(t.secret)){for(var s,r,n,a=l.querySelectorAll('iframe[data-secret=\"'+t.secret+'\"]'),o=l.querySelectorAll('blockquote[data-secret=\"'+t.secret+'\"]'),c=new RegExp(\"^https?:$\",\"i\"),i=0;i<o.length;i++)o[i].style.display=\"none\";for(i=0;i<a.length;i++)s=a[i],e.source===s.contentWindow&&(s.removeAttribute(\"style\"),\"height\"===t.message?(1e3<(r=parseInt(t.value,10))?r=1e3:~~r<200&&(r=200),s.height=r):\"link\"===t.message&&(r=new URL(s.getAttribute(\"src\")),n=new URL(t.value),c.test(n.protocol))&&n.host===r.host&&l.activeElement===s&&(d.top.location.href=t.value))}},d.addEventListener(\"message\",d.wp.receiveEmbedMessage,!1),l.addEventListener(\"DOMContentLoaded\",function(){for(var e,t,s=l.querySelectorAll(\"iframe.wp-embedded-content\"),r=0;r<s.length;r++)(t=(e=s[r]).getAttribute(\"data-secret\"))||(t=Math.random().toString(36).substring(2,12),e.src+=\"#?secret=\"+t,e.setAttribute(\"data-secret\",t)),e.contentWindow.postMessage({message:\"ready\",secret:t},\"*\")},!1)))}(window,document);\n\/\/# sourceURL=https:\/\/ismfrance.org\/wp-includes\/js\/wp-embed.min.js\n\/* ]]> *\/\n<\/script>\n","thumbnail_url":"https:\/\/ismfrance.org\/wp-content\/uploads\/2024\/10\/suz.jpeg","thumbnail_width":678,"thumbnail_height":381,"description":"CLGIA, 16 octobre 2024. Un hommage \u00e0 notre ch\u00e8re camarade Suzanne, r\u00e9cemment d\u00e9c\u00e9d\u00e9e le 14 septembre, s\u2019est tenu \u00e0 Paris, le vendredi 11 octobre. Les camarades et les ami.es qui Lire la suite &rarr;"}

Hommage à notre camarade Suzanne - International Solidarity Movement - ISM-France

<blockquote class="wp-embedded-content" data-secret="GzgBUciyf8"><a href="https://ismfrance.org/index.php/2024/10/18/hommage-a-notre-camarade-suzanne/">Hommage à notre camarade Suzanne</a></blockquote><iframe sandbox="allow-scripts" security="restricted" src="https://ismfrance.org/index.php/2024/10/18/hommage-a-notre-camarade-suzanne/embed/#?secret=GzgBUciyf8" width="600" height="338" title="« Hommage à notre camarade Suzanne » &#8212; International Solidarity Movement - ISM-France" data-secret="GzgBUciyf8" frameborder="0" marginwidth="0" marginheight="0" scrolling="no" class="wp-embedded-content"></iframe><script type="text/javascript">
/* <![CDATA[ */
/*! This file is auto-generated */
!function(d,l){"use strict";l.querySelector&&d.addEventListener&&"undefined"!=typeof URL&&(d.wp=d.wp||{},d.wp.receiveEmbedMessage||(d.wp.receiveEmbedMessage=function(e){var t=e.data;if((t||t.secret||t.message||t.value)&&!/[^a-zA-Z0-9]/.test(t.secret)){for(var s,r,n,a=l.querySelectorAll('iframe[data-secret="'+t.secret+'"]'),o=l.querySelectorAll('blockquote[data-secret="'+t.secret+'"]'),c=new RegExp("^https?:$","i"),i=0;i<o.length;i++)o[i].style.display="none";for(i=0;i<a.length;i++)s=a[i],e.source===s.contentWindow&&(s.removeAttribute("style"),"height"===t.message?(1e3<(r=parseInt(t.value,10))?r=1e3:~~r<200&&(r=200),s.height=r):"link"===t.message&&(r=new URL(s.getAttribute("src")),n=new URL(t.value),c.test(n.protocol))&&n.host===r.host&&l.activeElement===s&&(d.top.location.href=t.value))}},d.addEventListener("message",d.wp.receiveEmbedMessage,!1),l.addEventListener("DOMContentLoaded",function(){for(var e,t,s=l.querySelectorAll("iframe.wp-embedded-content"),r=0;r<s.length;r++)(t=(e=s[r]).getAttribute("data-secret"))||(t=Math.random().toString(36).substring(2,12),e.src+="#?secret="+t,e.setAttribute("data-secret",t)),e.contentWindow.postMessage({message:"ready",secret:t},"*")},!1)))}(window,document);
//# sourceURL=https://ismfrance.org/wp-includes/js/wp-embed.min.js
/* ]]> */
</script>

CLGIA, 16 octobre 2024. Un hommage à notre chère camarade Suzanne, récemment décédée le 14 septembre, s’est tenu à Paris, le vendredi 11 octobre. Les camarades et les ami.es qui Lire la suite &rarr;
