{"version":"1.0","provider_name":"International Solidarity Movement - ISM-France","provider_url":"https:\/\/ismfrance.org","author_name":"mru_01","author_url":"https:\/\/ismfrance.org\/index.php\/author\/admin02\/","title":"Vaincre le sionisme, une responsabilit\u00e9 mondiale - International Solidarity Movement - ISM-France","type":"rich","width":600,"height":338,"html":"<blockquote class=\"wp-embedded-content\" data-secret=\"0K3cwNiHTq\"><a href=\"https:\/\/ismfrance.org\/index.php\/2024\/05\/13\/vaincre-le-sionisme-une-responsabilite-mondiale\/\">Vaincre le sionisme, une responsabilit\u00e9 mondiale<\/a><\/blockquote><iframe sandbox=\"allow-scripts\" security=\"restricted\" src=\"https:\/\/ismfrance.org\/index.php\/2024\/05\/13\/vaincre-le-sionisme-une-responsabilite-mondiale\/embed\/#?secret=0K3cwNiHTq\" width=\"600\" height=\"338\" title=\"\u00ab\u00a0Vaincre le sionisme, une responsabilit\u00e9 mondiale\u00a0\u00bb &#8212; International Solidarity Movement - ISM-France\" data-secret=\"0K3cwNiHTq\" frameborder=\"0\" marginwidth=\"0\" marginheight=\"0\" scrolling=\"no\" class=\"wp-embedded-content\"><\/iframe><script type=\"text\/javascript\">\n\/* <![CDATA[ *\/\n\/*! This file is auto-generated *\/\n!function(d,l){\"use strict\";l.querySelector&&d.addEventListener&&\"undefined\"!=typeof URL&&(d.wp=d.wp||{},d.wp.receiveEmbedMessage||(d.wp.receiveEmbedMessage=function(e){var t=e.data;if((t||t.secret||t.message||t.value)&&!\/[^a-zA-Z0-9]\/.test(t.secret)){for(var s,r,n,a=l.querySelectorAll('iframe[data-secret=\"'+t.secret+'\"]'),o=l.querySelectorAll('blockquote[data-secret=\"'+t.secret+'\"]'),c=new RegExp(\"^https?:$\",\"i\"),i=0;i<o.length;i++)o[i].style.display=\"none\";for(i=0;i<a.length;i++)s=a[i],e.source===s.contentWindow&&(s.removeAttribute(\"style\"),\"height\"===t.message?(1e3<(r=parseInt(t.value,10))?r=1e3:~~r<200&&(r=200),s.height=r):\"link\"===t.message&&(r=new URL(s.getAttribute(\"src\")),n=new URL(t.value),c.test(n.protocol))&&n.host===r.host&&l.activeElement===s&&(d.top.location.href=t.value))}},d.addEventListener(\"message\",d.wp.receiveEmbedMessage,!1),l.addEventListener(\"DOMContentLoaded\",function(){for(var e,t,s=l.querySelectorAll(\"iframe.wp-embedded-content\"),r=0;r<s.length;r++)(t=(e=s[r]).getAttribute(\"data-secret\"))||(t=Math.random().toString(36).substring(2,12),e.src+=\"#?secret=\"+t,e.setAttribute(\"data-secret\",t)),e.contentWindow.postMessage({message:\"ready\",secret:t},\"*\")},!1)))}(window,document);\n\/\/# sourceURL=https:\/\/ismfrance.org\/wp-includes\/js\/wp-embed.min.js\n\/* ]]> *\/\n<\/script>\n","thumbnail_url":"https:\/\/ismfrance.org\/wp-content\/uploads\/2024\/05\/defeat.jpeg","thumbnail_width":1000,"thumbnail_height":844,"description":"Matteo Gladio, 13 mai 2024. Accuser les sionistes d\u2019aujourd\u2019hui d\u2019\u00eatre les nouveaux nazis n\u2019est ni injuste ni propagandiste. Le credo insens\u00e9 d\u2019Hitler faisait fr\u00e9quemment r\u00e9f\u00e9rence \u00e0 la n\u00e9cessit\u00e9 d\u2019\u00e9tablir pour Lire la suite &rarr;"}

Vaincre le sionisme, une responsabilité mondiale - International Solidarity Movement - ISM-France

<blockquote class="wp-embedded-content" data-secret="0K3cwNiHTq"><a href="https://ismfrance.org/index.php/2024/05/13/vaincre-le-sionisme-une-responsabilite-mondiale/">Vaincre le sionisme, une responsabilité mondiale</a></blockquote><iframe sandbox="allow-scripts" security="restricted" src="https://ismfrance.org/index.php/2024/05/13/vaincre-le-sionisme-une-responsabilite-mondiale/embed/#?secret=0K3cwNiHTq" width="600" height="338" title="« Vaincre le sionisme, une responsabilité mondiale » &#8212; International Solidarity Movement - ISM-France" data-secret="0K3cwNiHTq" frameborder="0" marginwidth="0" marginheight="0" scrolling="no" class="wp-embedded-content"></iframe><script type="text/javascript">
/* <![CDATA[ */
/*! This file is auto-generated */
!function(d,l){"use strict";l.querySelector&&d.addEventListener&&"undefined"!=typeof URL&&(d.wp=d.wp||{},d.wp.receiveEmbedMessage||(d.wp.receiveEmbedMessage=function(e){var t=e.data;if((t||t.secret||t.message||t.value)&&!/[^a-zA-Z0-9]/.test(t.secret)){for(var s,r,n,a=l.querySelectorAll('iframe[data-secret="'+t.secret+'"]'),o=l.querySelectorAll('blockquote[data-secret="'+t.secret+'"]'),c=new RegExp("^https?:$","i"),i=0;i<o.length;i++)o[i].style.display="none";for(i=0;i<a.length;i++)s=a[i],e.source===s.contentWindow&&(s.removeAttribute("style"),"height"===t.message?(1e3<(r=parseInt(t.value,10))?r=1e3:~~r<200&&(r=200),s.height=r):"link"===t.message&&(r=new URL(s.getAttribute("src")),n=new URL(t.value),c.test(n.protocol))&&n.host===r.host&&l.activeElement===s&&(d.top.location.href=t.value))}},d.addEventListener("message",d.wp.receiveEmbedMessage,!1),l.addEventListener("DOMContentLoaded",function(){for(var e,t,s=l.querySelectorAll("iframe.wp-embedded-content"),r=0;r<s.length;r++)(t=(e=s[r]).getAttribute("data-secret"))||(t=Math.random().toString(36).substring(2,12),e.src+="#?secret="+t,e.setAttribute("data-secret",t)),e.contentWindow.postMessage({message:"ready",secret:t},"*")},!1)))}(window,document);
//# sourceURL=https://ismfrance.org/wp-includes/js/wp-embed.min.js
/* ]]> */
</script>

Matteo Gladio, 13 mai 2024. Accuser les sionistes d’aujourd’hui d’être les nouveaux nazis n’est ni injuste ni propagandiste. Le credo insensé d’Hitler faisait fréquemment référence à la nécessité d’établir pour Lire la suite &rarr;
